 is -7 - 0 - (-694 + 699 - (-1 - -33))?
20
5 + 10 + (-8 - 29)
-22
-2 + -1 - (-18 + 21 + -16)
10
What is the value of 2 + -22 + (6 - (1 + -2))?
-13
-7 + 2 + -50 + 52 - -12
9
What is the value of 1 + -8 - (3 + (-3 - 4)) - 12?
-15
Calculate 2 + 7 + -3 + -10 + (14 - 12).
-2
-7 + 3 + (-69 - -71)
-2
What is -1 - (2 + -9 - 1) - (1658 + -1655)?
4
-2 - ((-10 - -15) + (-6 - (4 + -5)))
-2
What is (-13 + -14 - -64) + -36?
1
Evaluate (163 - 168) + (-2 + 4 - -9).
6
(0 - 4) + -6 + -10 + (18 - 2)
-4
(27 - (23 - -37)) + 13
-20
What is (-4 - (-4 + 1 - 0)) + -6?
-7
What is 0 + -16 + 2 + 11 + (-19 - -8)?
-14
15 - (39 + 0 - (-1 - -9))
-16
What is the value of 15 + -6 + (-11 - (-5 + -10))?
13
What is (1 - 7 - (-10 + 8 + -4)) + 2?
2
Calculate 36 - 61 - -19 - (2 + -22).
14
(0 - -11) + 4 + -9 - (20 + -1)
-13
7 - (6 + -2) - -2
5
What is the value of -19 - (17 + -20 + (1 - (3 + 0)))?
-14
What is 4 + (6 - (-12 - -14) - -2 - 6)?
4
What is the value of 3 - (13 + (-8 - -29) - 12)?
-19
What is -188 + 211 - (1 + 22)?
0
What is the value of (2 - (0 + -4)) + (-68 - -67)?
5
Calculate -8 + -23 + 26 - (0 + 5).
-10
What is 25 + -16 - (11 - 0)?
-2
18 - (-19 - -20 - -4)
13
Evaluate (19 + -3 + -29 - -13) + 11.
11
(39 - (25 - 3)) + -2
15
What is the value of -44 - -42 - (0 + 2) - -10?
6
What is the value of -7 + -3 - (-54 + 43) - (-1 + 4)?
-2
What is 38 + (4 - (-8 - -38))?
12
Evaluate 50 + 10 + -5 + -3 + -16.
36
What is the value of -4 + (-30 - -20) - -36?
22
What is (-1 - 1) + -7 + (119 - 117)?
-7
Calculate 12 + (-12 + -1 + 3 - (-2 + 17)).
-13
Calculate 3 - (5 - 7) - 9.
-4
What is the value of 26 + -8 - (4 - (-1 + -4 - -4))?
13
Calculate -14 - ((-12 - -12) + -10).
-4
What is -17 - (-4 - -2 - -3 - 9)?
-9
What is 8 + 2 - (53 - 41)?
-2
Evaluate -26 + (4 + 1 - 3) - (18 + -23).
-19
Evaluate (25 - 36) + 3 - (2 - 36).
26
What is the value of -7 - (0 - (0 + 2 - -11))?
6
917 - 960 - (-77 - 1)
35
2 + (-1 - -3) + -6 + 22 + -26
-6
-1 - (-7 + -9 + 10 + -3)
8
What is 31 + -22 + -20 - (3 + -3) - -7?
-4
Evaluate (284 - 281) + (-1 - (2 - -19)).
-19
(13 - -1 - (-1 - -2)) + (-16 - -11)
8
Evaluate -4 + (-5 - (-12 - (-13 - -6))).
-4
What is 0 + 12 + -5 - (56 - 11)?
-38
Evaluate -3 - -7 - (-285 + 273).
16
Evaluate -23 - (-3 - (19 + -12)).
-13
What is (13 - ((2 - -12) + -7)) + -18?
-12
-17 + 20 - (-2 + 5)
0
Calculate 6 + -34 + 3 + -2 + 5 + 2.
-20
What is (5 - (14 + -7 + 1)) + 0 + 6?
3
What is (174 - 180) + (-4 - (2 + -3))?
-9
Evaluate (-108 - -114 - (15 + 0)) + 1 + 0.
-8
Evaluate (0 - -32) + 51 + (-52 - 15).
16
44 + (-34 - 35) - (-11 + 0)
-14
Calculate -24 - -19 - (-11 + 7).
-1
(5 - (-2 + 1)) + (-2 - 12) + -1
-9
What is the value of 0 + -2 - -26 - (-966 - -967)?
23
What is (186 - 195) + (16 - 2)?
5
Calculate (-37 - -67) + (1 + 5 - (3 + 2)).
31
What is 41 + -13 + -10 - 34?
-16
4 - ((6 - (7 + 5)) + -1)
11
What is 4 + -12 + 10 + -12?
-10
8 + 1 - (-1 + 16 + -9)
3
What is the value of -11 - (25 + (14 - 25))?
-25
What is 4 + -26 + 18 + -15?
-19
Evaluate (34 - 3) + (-397 - -391).
25
What is the value of -4 + 7 - (-13 + (4 - -2) + -16)?
26
-9 + 8 + -11 - -20
8
Calculate 20 + (2 - (-4 + 20)) - 11.
-5
What is the value of -4 + 8 + 5 + 0 + 6 + -31?
-16
What is the value of 12 + (0 + 7 - 8) - 25?
-14
2 + (10 - (9 + -3) - 10) + -19
-23
Evaluate -203 + 193 + -12 + 3.
-19
Calculate 8 + -1 + -100 + 86.
-7
Evaluate 9 + (17 - 19) + -20 - 18.
-31
What is the value of (20 - 7) + -13 + (0 - 6) + 2?
-4
What is 28 + -36 - -38 - 35?
-5
Evaluate 6 + -1 + 2 - ((34 - -5) + -50).
18
What is -4 + 8 - (11 - -7) - 8?
-22
Calculate (-7 - -4) + (2 + -4 - (5 + -2)).
-8
-11 + -40 + 20 + 23
-8
Calculate (3 - -2) + (3 - 20) + 20.
8
What is 31 - (17 + -35 - -22)?
27
What is the value of -46 + (-24 - -47) - -33?
10
Evaluate (36 - 17 - 15) + -10 + 1 - 8.
-13
Calculate (16 - 9) + -7 + 11 + 11.
22
Evaluate (-1 - 3) + 3 + -116 + 133.
16
2 + -1 + 500 + -512
-11
What is the value of 92 + -68 - (6 + (-4 - -11) + -2)?
13
Calculate (-8 - (9 + -10)) + -14 - -8.
-13
Evaluate (1 - (6 - 4)) + -1.
-2
Calculate -36 + -4 + 18 + 14.
-8
What is the value of 178 + -209 - (-43 + 1)?
11
What is -3 + (-19 - 1) + (-10 - (-27 - -14))?
-20
Evaluate 23 + -10 - 9 - 2.
2
What is the value of 1 + -4 + (-13 - (-4 + 4)) + 1?
-15
-2 + (0 - -10) - (0 + (0 - 1))
9
2 + (-8 - -8) + 64 + -41
25
Calculate 11 - (9 - (21 - 8)).
15
Calculate (-2 - (7 + -7) - 1) + -6 + -1.
-10
Calculate (-1 - -14 - (-3 + 4)) + -2 + 2.
12
What is the value of -2 + 5 + 3 + (6 - (-7 - -5))?
14
What is (198 - 189) + (-32 - 1) + 3?
-21
-6 + -1 + 48 + -47 + 17 + 0
11
Evaluate (5 - -2) + 15 + -35.
-13
What is the value of -5 + (0 - -10) + (-21 - (-3 + 9))?
-22
Calculate -11 + 31 + (-2 - 8).
10
Calculate (47 - -1) + 169 + -197.
20
Evaluate -11 - (2 - (-8 - -16)).
-5
(10 - (8 - 0)) + (-3 - 1) + -5
-7
Calculate 53 + (-38 - (-36 + 27)).
24
Calculate 1 + -5 - (-97 + 91).
2
What is the value of -8 - ((-3 - -14) + 6 + -32)?
7
Calculate -8 + 0 + 7 + -8 + -4 + 5.
-8
What is 4 - (18 + -18 + -2 + 0) - -4?
10
-19 + 32 + (-19 - 3)
-9
What is (-14 - (-27 + 0)) + -3 + 4?
14
39 + -47 + 37 + -8
21
Evaluate -1 + 15 + -1 + -1 + (30 - 25).
17
Calculate 5 + 32 + -2 + -19.
16
What is -23 - (-21 - (-11 + -5))?
-18
-3 - ((-12 - -5) + -4)
8
Calculate (-18 - -6 - -14) + -10.
-8
Evaluate -23 + 48 + -30 + 24.
19
Calculate (-8 - -1) + 8 + 11 + -20 - -2.
-6
0 + (5 - 19) - -2
-12
2 + -28 + (-4 + 2 - -13)
-15
Evaluate 50 + -55 - (-7 + -1).
3
Evaluate 2 - 1 - (-26 + 11 + 27).
-11
-21 + (-15 - (2 + -15) - (-1 + 3))
-25
(-5 + 12 - -4) + (-21 - -1)
-9
Evaluate -3 - (2 + -17 + -1 + 8 + -6).
11
Evaluate 34 + (-26 - (-15 + 24)).
-1
-6 - (-23 + 24 - (-10 - -3))
-14
Calculate -12 + 5 + -3 + 91 + -90.
-9
What is the value of (9 - 1 - (4 - 1)) + (-53 - -34)?
-14
What is the value of 2 + -13 - (6 + -36 + 10)?
9
What is (58 - 72) + (2 - -5 - -1)?
-6
Evaluate -236 - -244 - (2 - (7 + 0)).
13
Evaluate -6 + -2 - (12 + -3 - 11) - -1.
-5
What is the value of 20 + (18 - 22) + -10?
6
What is the value of -12 - ((4 - (15 - 6)) + 2)?
-9
What is -6 - (-7 + (-9 - -11) - 4) - -1?
4
Evaluate -6 - (-4 + (-27 - -25) + (-6 - -3)).
3
What is the value of 17 - (6 - (-12 + 0))?
-1
0 + 4 + -5 + (3 - 8) + -3
-9
-5 + 4 + (-11 - -5) + 15
8
Evaluate 8 + (-22 - (-20 + -1)) + (0 - -8).
15
What is the value of -13 + -19 + 35 - 5?
-2
What is the value of (-206 - -212) + (27 - 2)?
31
What is -3 + -2 - (10 - (3 + -1))?
-13
Evaluate (5 - -3 - 9) + 9 + 6.
14
What is 2 + -20 + -7 + 14?
-11
What is the value of -11 + 4 + 38 + -10 - 1 - 6?
14
What is -9 + -2 + (-10 - -19)?
-2
(-44 - (-39 + 15)) + 26
6
189 - 171 - (10 + 0) - 1
7
(0 - (4 - -1)) + (3 + -3 - -8)
3
(-6 - (15 - (2 - 0))) + 13
-6
What is -98 + 73 + -1 + 26?
0
What is the value of (1 - -34) + -19 + -30?
-14
3 + 5 + -13 - -17
12
Evaluate (60 - 41) + 10 + -8 + 6 + 3.
30
What is the value of (15 - 48 - -35) + 16 + -1?
17
What is (0 - 9 - -8) + 11 + 8?
18
3 + -11 + -16 - 2 - -12
-14
What is the value of 0 + 6 - (30 + -19 + -15)?
10
What is the value of -3 + -8 + (-11 - -4 - -11)?
-7
What is the value of 2 + 2 + (0 + -12 - 1) - 3?
-12
Evaluate (8 - -4) + -7 + -17.
-12
Evaluate (3 - (-3 + 1)) + -3 + 50 + -39.
13
What is -4 + 6 + -7 + -6?
-11
What is the value of (25 - (-7 + -1 - (59 - 79))) + 5?
18
-15 - (1 + (6 - (5 + 9)))
-8
What is the value of 14 + -4 + (13 - 8) + 3?
18
What is 5 - (-13 + -3 - (0 - 9))?
12
What is 28 + -2 - (-36 - -19 - -23)?
20
What is (-4 - ((-10 - -5) + 3)) + -6?
-8
2 - (3 + -3 + -7) - (213 + -226)
22
Calculate (-8 - 2) + 20 + -5 + -10.
-5
Evaluate (-12 - -4) + 7 + 1 - 5.
-5
Evaluate -6 - ((-2 - -3) + (8 - 12)).
-3
What is 5 + 4 + -10 + -6?
-7
What is 1 + 9 + 8 + 2 + -15 + -24?
-19
Calculate 18 + (11 - 3) + (-2 - 2).
22
Evaluate 24 + (9 - -6) + -41 + -9 + -1.
-12
What is -36 + 36 + 33 - 33?
0
Calculate (15 - 17) + -23 - (-1 + -3).
-21
What is 1 + 4 + -8 + 12?
9
Calculate -23 - (21 + -46) - 7.
-5
What is the value of 5 - 0 - (6 + -4 - 6 - -14)?
-5
Calculate 8 - 1 - (14 + (-26 - -37)).
-18
What is the value of 4 - -11 - (-75 - -93)?
-3
Calculate -29 + (7 - (-6 + 3)) + (5 - -3).
-11
Calculate -43 - (15 - (-29 - -64)).
-23
Calculate (-9 - -24) + -24 + 12 + -24.
-21
What is -40 + 48 + -9 + 6 + -16?
-11
Evaluate -12 - (-6 + -11 - -10).
-5
Calculate (-10 - (-8 - -11)) + 4 - -34.
25
Calculate 3 - -1 - (25 + -61 - -2